{"id":4908,"date":"2011-09-19T19:13:58","date_gmt":"2011-09-19T19:13:58","guid":{"rendered":"http:\/\/yemanja-diving.com.local:8888\/karma-demo\/?page_id=4908"},"modified":"2012-05-09T14:33:19","modified_gmt":"2012-05-09T14:33:19","slug":"contact","status":"publish","type":"page","link":"https:\/\/www.yemanja-diving.com\/?page_id=4908","title":{"rendered":"Nous contacter"},"content":{"rendered":"<p>L&rsquo;\u00e9quipe de <strong>Yemanja<\/strong> reste \u00e0 votre enti\u00e8re disposition pour tout renseignement sur ses services. A tout moment nous sommes \u00e0 votre \u00e9coute pour vous conseiller et vous orienter vers les meilleures solutions.\u00a0<\/p>\n<p><\/p>","protected":false},"excerpt":{"rendered":"<p>L&rsquo;\u00e9quipe de Yemanja reste \u00e0 votre enti\u00e8re disposition pour tout renseignement sur ses services. A tout moment nous sommes \u00e0 votre \u00e9coute pour vous conseiller et vous orienter vers les meilleures solutions.\u00a0<\/p>\n","protected":false},"author":1,"featured_media":0,"parent":0,"menu_order":0,"comment_status":"closed","ping_status":"closed","template":"template_contact_iphone.php","meta":[],"yoast_head":"<!-- This site is optimized with the Yoast SEO plugin v16.3 - https:\/\/yoast.com\/wordpress\/plugins\/seo\/ -->\n<meta name=\"robots\" content=\"index, follow, max-snippet:-1, max-image-preview:large, max-video-preview:-1\" \/>\n<link rel=\"canonical\" href=\"https:\/\/www.yemanja-diving.com\/?page_id=4908\" \/>\n<meta property=\"og:locale\" content=\"fr_FR\" \/>\n<meta property=\"og:type\" content=\"article\" \/>\n<meta property=\"og:title\" content=\"Nous contacter - Yemanja\" \/>\n<meta property=\"og:description\" content=\"L&rsquo;\u00e9quipe de Yemanja reste \u00e0 votre enti\u00e8re disposition pour tout renseignement sur ses services. A tout moment nous sommes \u00e0 votre \u00e9coute pour vous conseiller et vous orienter vers les meilleures solutions.\u00a0\" \/>\n<meta property=\"og:url\" content=\"https:\/\/www.yemanja-diving.com\/?page_id=4908\" \/>\n<meta property=\"og:site_name\" content=\"Yemanja\" \/>\n<meta property=\"article:modified_time\" content=\"2012-05-09T14:33:19+00:00\" \/>\n<meta name=\"twitter:card\" content=\"summary_large_image\" \/>\n<meta name=\"twitter:label1\" content=\"Dur\u00e9e de lecture est.\">\n\t<meta name=\"twitter:data1\" content=\"1 minute\">\n<script type=\"application\/ld+json\" class=\"yoast-schema-graph\">{\"@context\":\"https:\/\/schema.org\",\"@graph\":[{\"@type\":\"Organization\",\"@id\":\"http:\/\/www.yemanja-diving.com\/#organization\",\"name\":\"Yemanja\",\"url\":\"http:\/\/www.yemanja-diving.com\/\",\"sameAs\":[],\"logo\":{\"@type\":\"ImageObject\",\"@id\":\"http:\/\/www.yemanja-diving.com\/#logo\",\"inLanguage\":\"fr-FR\",\"url\":\"http:\/\/yemanja-diving.com\/wp-content\/uploads\/2012\/04\/logo1.png\",\"contentUrl\":\"http:\/\/yemanja-diving.com\/wp-content\/uploads\/2012\/04\/logo1.png\",\"width\":\"224\",\"height\":\"100\",\"caption\":\"Yemanja\"},\"image\":{\"@id\":\"http:\/\/www.yemanja-diving.com\/#logo\"}},{\"@type\":\"WebSite\",\"@id\":\"http:\/\/www.yemanja-diving.com\/#website\",\"url\":\"http:\/\/www.yemanja-diving.com\/\",\"name\":\"Yemanja\",\"description\":\"Travaux maritimes\",\"publisher\":{\"@id\":\"http:\/\/www.yemanja-diving.com\/#organization\"},\"potentialAction\":[{\"@type\":\"SearchAction\",\"target\":\"http:\/\/www.yemanja-diving.com\/?s={search_term_string}\",\"query-input\":\"required name=search_term_string\"}],\"inLanguage\":\"fr-FR\"},{\"@type\":\"WebPage\",\"@id\":\"https:\/\/www.yemanja-diving.com\/?page_id=4908#webpage\",\"url\":\"https:\/\/www.yemanja-diving.com\/?page_id=4908\",\"name\":\"Nous contacter - Yemanja\",\"isPartOf\":{\"@id\":\"http:\/\/www.yemanja-diving.com\/#website\"},\"datePublished\":\"2011-09-19T19:13:58+00:00\",\"dateModified\":\"2012-05-09T14:33:19+00:00\",\"breadcrumb\":{\"@id\":\"https:\/\/www.yemanja-diving.com\/?page_id=4908#breadcrumb\"},\"inLanguage\":\"fr-FR\",\"potentialAction\":[{\"@type\":\"ReadAction\",\"target\":[\"https:\/\/www.yemanja-diving.com\/?page_id=4908\"]}]},{\"@type\":\"BreadcrumbList\",\"@id\":\"https:\/\/www.yemanja-diving.com\/?page_id=4908#breadcrumb\",\"itemListElement\":[{\"@type\":\"ListItem\",\"position\":1,\"item\":{\"@type\":\"WebPage\",\"@id\":\"http:\/\/www.yemanja-diving.com\/?lang=en\",\"url\":\"http:\/\/www.yemanja-diving.com\/?lang=en\",\"name\":\"Accueil\"}},{\"@type\":\"ListItem\",\"position\":2,\"item\":{\"@id\":\"https:\/\/www.yemanja-diving.com\/?page_id=4908#webpage\"}}]}]}<\/script>\n<!-- \/ Yoast SEO plugin. -->","_links":{"self":[{"href":"https:\/\/www.yemanja-diving.com\/index.php?rest_route=\/wp\/v2\/pages\/4908"}],"collection":[{"href":"https:\/\/www.yemanja-diving.com\/index.php?rest_route=\/wp\/v2\/pages"}],"about":[{"href":"https:\/\/www.yemanja-diving.com\/index.php?rest_route=\/wp\/v2\/types\/page"}],"author":[{"embeddable":true,"href":"https:\/\/www.yemanja-diving.com\/index.php?rest_route=\/wp\/v2\/users\/1"}],"replies":[{"embeddable":true,"href":"https:\/\/www.yemanja-diving.com\/index.php?rest_route=%2Fwp%2Fv2%2Fcomments&post=4908"}],"version-history":[{"count":11,"href":"https:\/\/www.yemanja-diving.com\/index.php?rest_route=\/wp\/v2\/pages\/4908\/revisions"}],"predecessor-version":[{"id":5491,"href":"https:\/\/www.yemanja-diving.com\/index.php?rest_route=\/wp\/v2\/pages\/4908\/revisions\/5491"}],"wp:attachment":[{"href":"https:\/\/www.yemanja-diving.com\/index.php?rest_route=%2Fwp%2Fv2%2Fmedia&parent=4908"}],"curies":[{"name":"wp","href":"https:\/\/api.w.org\/{rel}","templated":true}]}}